 r**3/3 + 60*r**2. Let v be -16 + 2*12/(-8). Let l = v - -21. Calculate x(l).
8
Let s(p) = 32*p + 9 + 31*p**2 - 3524*p**3 - 3508*p**3 + 7031*p**3. Give s(32).
9
Let l = 16 - 13. Let i(a) = 2*a - 5*a - 7 + 8 + 4*a**2 - a**l. Suppose -12 = -151*d + 147*d. Calculate i(d).
1
Let s = 10077 - 10082. Let g(w) = -8*w - 54. Determine g(s).
-14
Let n = -19 - -22. Suppose 5*r = 4*s + 35, 3*r + 6 = -0*r - n*s. Let h(a) = -4*a - a**3 - 1 - r*a**2 - 7*a + 13*a. Determine h(-4).
7
Let w = 6111 + -6123. Let c(f) be the first derivative of f**2/2 + 13*f - 7. Give c(w).
1
Let v(t) = -2*t**2 + 26*t + 8. Suppose -r - 5*y - 17 = 0, -269*y - 20 = -2*r - 270*y. Give v(r).
8
Suppose 0 = 4*n - 6*n + 16. Let p(l) = -5 - 14*l + n*l - l**2 - 2 + 13*l. Determine p(7).
-7
Let q(n) = 0*n + 5 - 3*n - 1 - 1. Let d(g) = g + 4. Let x be d(-8). Let p(s) = -4*s - 14. Let j be p(x). Calculate q(j).
-3
Suppose -2*j - 11 = 21. Let n = 11 + j. Let v(k) = -38*k - 31*k - 2 + 68*k. Give v(n).
3
Let o(l) = -4*l**3 - l**2 + 2*l - 4. Let x(b) = b**2 + 0*b + 1 + 0*b + b**3. Let v(d) = -o(d) - 5*x(d). Suppose -90*j - 45*j - 16 = 607 - 83. Calculate v(j).
7
Let a(u) be the second derivative of -u**5/4 + u**4/12 + u**3/6 - u. Suppose 23*i + 106 = -75*i - 8*i. What is a(i)?
5
Let y(o) = -7*o - 3. Let q be (-4)/10 + 7/5. Suppose -q = -4*b + 23. Suppose -3*r - g - b = 0, -5*r = -3*g + 12 + 12. Determine y(r).
18
Let j be -2*(26/(-4) + 5). Let y(s) = -2*s + 290*s**j - 2*s**2 + 293*s**3 - 7 - 6*s**2 - 584*s**3. What is y(-8)?
9
Let t(q) be the second derivative of -q**8/6720 - q**7/504 + q**6/120 + q**5/24 + q**4 - q**3 - 41*q. Let k(z) be the third derivative of t(z). What is k(-6)?
5
Let t(r) be the third derivative of 2/3*r**3 + 2/15*r**5 + 1/120*r**6 + 0*r + 7/24*r**4 + r**2 + 12. Give t(-7).
4
Let y(r) be the third derivative of -r**4/6 - 7*r**3/3 - 17*r**2. Let o be y(-4). Let n(k) = -4 - 5 + 3 - 4*k + o*k. Calculate n(-7).
8
Let n(m) be the third derivative of 19*m**4/24 + m**3 + 7123*m**2. What is n(5)?
101
Let m(k) = -3*k + 5*k**2 + 13589*k**3 + 13596*k**3 - k - 1 - 27184*k**3. Determine m(2).
19
Let m be -3 + 1 - (-20)/4. Suppose 23 = y + 4*f, -m*y - 2*f - 10 + 29 = 0. Let h(j) = j**3 - j**2 - j + 3. Determine h(y).
18
Let f(g) = -g**2 - 6*g + 5. Let a = 791 - 788. Suppose -5*h = -a*y + 38, 5*h - 27 = 9*h + y. What is f(h)?
-2
Let p(k) = -32*k - 883. Let g be p(-28). Let c(n) be the second derivative of n**3/6 - 7*n**2/2 + 33*n. Determine c(g).
6
Let m(v) = -v**3 - 9*v**2 + 3*v + 73. Let g be -13 + -13 - (28 - 46). What is m(g)?
-15
Suppose -26 = y - 13. Let n(x) = -x**2 - 15*x - 7. Determine n(y).
19
Suppose -4*o - 5*s - 4 = -6*o, 0 = -5*o + s + 56. Let n(j) = j - 6. Let a be n(o). Let i(k) = -3 - a - k + 4. Calculate i(-3).
-2
Suppose 561*c = 578*c - 85. Let s(x) be the third derivative of -10*x**2 - 2/3*x**3 - 1/12*x**c + 1/120*x**6 + 0*x + 5/24*x**4 + 0. Give s(4).
0
Let l(k) = -4*k - 18. Let w(h) = -2*h**2 - 86*h - 372. Let v be w(-5). Calculate l(v).
-50
Let s be (55/(-110))/((-4)/18 + (-1)/36). Let h(a) = -a**3 - a**2 + a + 3. Calculate h(s).
-7
Let c(d) = -362429*d**2 + 1 - 2*d + d + 7*d**3 + 362427*d**2. Give c(-1).
-7
Let b(u) = -11*u - 1. Let a(z) = -13*z**2 - 2*z. Let n be a(-1). Let s(q) = -56*q - 5. Let c(f) = n*b(f) + 2*s(f). Determine c(2).
19
Let z(j) be the first derivative of 1/3*j**3 - 7*j - 4 - 3*j**2. Suppose -70 = -6*v - 4*v. What is z(v)?
0
Let w(q) = 53*q - 367. Let m be w(7). Let r(n) = -n + 4. Let l be r(5). Let b be l/10*m - (-27)/5. Let v(u) = -u - 7. Give v(b).
-12
Let h be 3/(-1)*220/(-30). Suppose 0 = -5*d - 3*q + h, 5*d - 2*q - 15 = 12. Let s(t) = t + 7. What is s(d)?
12
Let g(o) = o**3 - 21*o**2 - 21*o - 41. Let w = 10594 + -10572. Give g(w).
-19
Let t(g) = 13*g**3 + 23*g**2 + 7*g - 11. Let y(l) = -12*l**3 - 17*l**2 - 5*l + 8. Let m(h) = 3*t(h) + 4*y(h). Calculate m(-1).
8
Let r(j) = -2 + 5 - 264*j + 3 + 129*j + 130*j. Calculate r(6).
-24
Let z(c) = c**2 - c + 67. Let t(b) = 2*b**2 - 13*b + 60. Let u(i) = -t(i) + z(i). What is u(12)?
7
Suppose -744 + 312 = 61*y + 11*y. Let a(m) = -2*m**3 - 14*m**2 - 14*m - 5. Calculate a(y).
7
Let h(r) = -r**2 + 3*r + 8. Let l = 5025 + -5019. Give h(l).
-10
Suppose 13*c = 17*c - 4. Let y be (-32)/16 - (-26)/c. Let v(q) = 16*q**2 - y*q**2 - 3 + 3*q + 10*q**2. What is v(-3)?
6
Let w be 3*(28/(-12) + 3). Let n(a) = 45*a - 97. Calculate n(w).
-7
Let t = -5685 - -5709. Let f(c) = -c**3 + 23*c**2 + 20*c + 24. What is f(t)?
-72
Suppose 0 = -9*f + 32*f + 1058. Let r = -50 - f. Let k(l) = -l**3 - 5*l**2 - 2*l - 5. What is k(r)?
-13
Let m(w) = w**2 - 4*w - 14. Let v = -2270 + 2277. Determine m(v).
7
Let d = 20 - 17. Let h(t) = d*t + 38 - 33 + t. Suppose -k - 5 = -1. Determine h(k).
-11
Suppose -5*o - d - 10 = 0, o - 4*d + 7*d + 16 = 0. Let l(m) = -m**2 - 8*m - 7. Let k(q) = q. Let u(v) = o*l(v) - 3*k(v). Determine u(-3).
1
Let i(v) = -4054*v + 3. Let c(k) = 10641*k - 8. Let s(y) = 8*c(y) + 21*i(y). Let l = -6 + 0. Calculate s(l).
35
Let o(b) = 5*b**2 + 16*b - 107. Let i(y) = 4*y**2 + 17*y - 99. Let f(r) = 6*i(r) - 5*o(r). Calculate f(19).
-2
Suppose 355*q - 385*q - 60 = 0. Let l(f) = 3*f**3 - 2*f**2 - 2*f + 1. Determine l(q).
-27
Suppose -2*f + 2*p = 4 - 10, 5*p = -3*f - 7. Suppose 4*r = 5*s - 8978, -3*r + 3593 = 2*s - 4*r. Let g(x) = -1 + 1806*x - s*x + 1. Determine g(f).
8
Let l(q) = q + 4. Let m be l(0). Let u(d) be the first derivative of d**4/12 - d**3/2 - 8*d**2 - 11. Let o(f) be the second derivative of u(f). Give o(m).
5
Let i(g) be the third derivative of -g**4/6 - 17*g**3 + 62*g**2. Let c be i(-26). Let v(a) = -a**2 + 3. What is v(c)?
-1
Suppose -6*f + 200 - 230 = 0. Let p(b) = 1 + 3 - 1 + b + 4. Calculate p(f).
2
Let h = 24 - 18. Let m be 3/6*104 + 1. Let k(b) = h - m*b + 1 + 55*b. Determine k(-8).
-9
Let h(v) = 4*v**2 + 638 + v - v**3 - 4*v - 320 - 317. Let a(s) = 5 - 4*s - 12*s - 6*s**3 + 21*s**2 + 2*s. Let n(y) = -2*a(y) + 11*h(y). Determine n(-4).
-11
Let k(c) = -7*c**2 - 13*c + 16. Let s(t) = 11*t**2 + 20*t - 24. Let f(u) = 8*k(u) + 5*s(u). Let p(d) = -1615*d - 121132. Let r be p(-75). Determine f(r).
-13
Let m(j) be the second derivative of j**3/6 + j**2 - j + 34. Suppose -2*t + 33 = 9*t. Calculate m(t).
5
Suppose 0 = 5*y - 60 + 45. Let b(q) = y*q - 149 + 68 + 66 - 5*q. Determine b(-8).
1
Let x(j) = -j - j**2 + 3068 + 3063 - j**3 + 2*j - 6130. Give x(0).
1
Let l(a) = 13*a**2 + 124*a + 13. Let z(g) = 15*g**2 + 142*g + 14. Let d(n) = -7*l(n) + 6*z(n). Give d(-15).
8
Let l be 1*-2 - (7 - 4). Let c(z) be the second derivative of -z**5/20 - z**4/2 - 7*z**3/6 - 3*z**2 - 3068*z. Give c(l).
4
Suppose 52*s - 46*s = 36. Let z(c) be the third derivative of c**6/120 - 7*c**5/60 + 7*c**4/24 - c**3/6 - 31*c**2. Give z(s).
5
Let h(b) = b**3 - 6*b**2 + 8. Suppose -5*w + 57 = -498. Suppose -117 + w = -d. Determine h(d).
8
Let n(x) = -x**3 + 8*x**2 + 6*x + 21. Suppose -4*b = 4*r - 2*b - 28, -3*r = 3*b - 15. Let q be n(r). Let j(d) = -d**2 - 4*d + 1. Calculate j(q).
-11
Let o(n) = -43*n**3 - 2*n**2 - n. Let j be o(-1). Suppose -30 = j*w + 54. Let b(p) = -4*p**2 + p + 1. Calculate b(w).
-17
Suppose 2630 = -34*j + 8240. Let g = 160 - j. Let u(c) = -5 - 3 + 0 - 6*c - c**2 + 1. Calculate u(g).
-2
Let l(x) = -2*x**2 - 31*x + 302. Let i be l(-22). Let m(t) be the third derivative of 0*t - 5/24*t**4 + 2*t**2 + i + 7/6*t**3. Calculate m(5).
-18
Let h(o) = o**2 - 9*o + 3. Let d(f) = f**3 - 4*f**2 - 18*f - 8. Let z be d(7). Suppose -5*a + 60 = -5*y, 5*y + z + 11 = a. Give h(a).
3
Suppose 19*q - 288 = 16*q. Let y(t) = t**2 - 46 - 39 + 3*t + 7*t + q. What is y(-9)?
2
Suppose 4*n = -2*z + 32, -z - 71 + 97 = 4*n. Let a(r) = r**2 - r. Let x(t) = -t**2 + 2*t + 1. Let f(j) = 5*a(j) + 6*x(j). Determine f(z).
12
Let w be (1 - (0 - -3))*393/6. Let k = 130 + w. Let u(v) = 10*v**3 - v. Calculate u(k).
-9
Let j(w) = 49 + 4*w + 4*w + 27*w**2 + 41*w**2 - 69*w**2. Give j(12).
1
Let h(o) = -o**2 + 19*o + 44. Let k be h(20). Let q be 6*(14/k - 12/48). Let r(b) = -1057*b**q + 3*b + 1063*b**2 - b**3 + 2*b**3. Determine r(-2).
10
Let k(z) = 10*z - 194. Let p be k(20). Let w(s) be the second derivative of s**4/12 - 5*s**3/3 + 25*s**2/2 + 116*s. Determine w(p).
1
Let a = -5 - -116. Suppose 9*b + 129 - a = 0. Let m(l) = -3*l - 4. Determine m(b).
2
Let u(w) = 108